{"id":19,"date":"2016-06-06T21:40:36","date_gmt":"2016-06-06T20:40:36","guid":{"rendered":"http:\/\/www.optika-rkm.cz\/?page_id=19"},"modified":"2021-12-20T09:45:22","modified_gmt":"2021-12-20T08:45:22","slug":"nabizime","status":"publish","type":"page","link":"https:\/\/www.optika-rkm.cz\/?page_id=19","title":{"rendered":"Nab\u00edz\u00edme"},"content":{"rendered":"<div class=\"entry-content\">\n<hr \/>\n<div id='gallery-1' class='gallery galleryid-19 gallery-columns-1 gallery-size-large'><figure class='gallery-item'>\n\t\t\t<div class='gallery-icon landscape'>\n\t\t\t\t<a href='https:\/\/www.optika-rkm.cz\/wp-content\/uploads\/2016\/04\/obr201.jpg'><img loading=\"lazy\" decoding=\"async\" width=\"1024\" height=\"343\" src=\"https:\/\/www.optika-rkm.cz\/wp-content\/uploads\/2016\/04\/obr201-1024x343.jpg\" class=\"attachment-large size-large\" alt=\"\" srcset=\"https:\/\/www.optika-rkm.cz\/wp-content\/uploads\/2016\/04\/obr201-1024x343.jpg 1024w, https:\/\/www.optika-rkm.cz\/wp-content\/uploads\/2016\/04\/obr201-300x101.jpg 300w, https:\/\/www.optika-rkm.cz\/wp-content\/uploads\/2016\/04\/obr201-768x257.jpg 768w, https:\/\/www.optika-rkm.cz\/wp-content\/uploads\/2016\/04\/obr201-520x174.jpg 520w, https:\/\/www.optika-rkm.cz\/wp-content\/uploads\/2016\/04\/obr201-740x248.jpg 740w\" sizes=\"auto, (max-width: 1024px) 100vw, 1024px\" \/><\/a>\n\t\t\t<\/div><\/figure>\n\t\t<\/div>\n\n<ul>\n<li>v\u0161echny slu\u017eby v o\u010dn\u00ed optice<\/li>\n<li>dioptrick\u00e9 br\u00fdle do d\u00e1lky, na \u010dten\u00ed, multifok\u00e1ln\u00ed, bifok\u00e1ln\u00ed, samozabarvovac\u00ed, plaveck\u00e9 i na pot\u00e1p\u011bn\u00ed<\/li>\n<li>slune\u010dn\u00ed br\u00fdle s mo\u017enost\u00ed zhotoven\u00ed jako dioptrick\u00e9<\/li>\n<li>Lupy a r\u016fzn\u00e9 dopl\u0148ky<\/li>\n<li>opravy br\u00fdl\u00ed<\/li>\n<li>drobn\u00e9 opravy a \u010di\u0161t\u011bn\u00ed ultrazvukem <strong>ZDARMA<\/strong><\/li>\n<li>vy\u0161et\u0159en\u00ed zraku u o\u010dn\u00edho l\u00e9ka\u0159e, MUDr. Stanislav Jirka, kter\u00fd se nach\u00e1z\u00ed ve stejn\u00e9 budov\u011b<\/li>\n<\/ul>\n<hr \/>\n<h2 style=\"text-align: center;\"><\/h2>\n<div id='gallery-2' class='gallery galleryid-19 gallery-columns-1 gallery-size-large'><figure class='gallery-item'>\n\t\t\t<div class='gallery-icon portrait'>\n\t\t\t\t<a href='https:\/\/www.optika-rkm.cz\/wp-content\/uploads\/2019\/03\/loga5.jpg'><img loading=\"lazy\" decoding=\"async\" width=\"568\" height=\"1024\" src=\"https:\/\/www.optika-rkm.cz\/wp-content\/uploads\/2019\/03\/loga5-568x1024.jpg\" class=\"attachment-large size-large\" alt=\"\" srcset=\"https:\/\/www.optika-rkm.cz\/wp-content\/uploads\/2019\/03\/loga5-568x1024.jpg 568w, https:\/\/www.optika-rkm.cz\/wp-content\/uploads\/2019\/03\/loga5-166x300.jpg 166w, https:\/\/www.optika-rkm.cz\/wp-content\/uploads\/2019\/03\/loga5-768x1385.jpg 768w, https:\/\/www.optika-rkm.cz\/wp-content\/uploads\/2019\/03\/loga5-520x937.jpg 520w, https:\/\/www.optika-rkm.cz\/wp-content\/uploads\/2019\/03\/loga5-740x1334.jpg 740w\" sizes=\"auto, (max-width: 568px) 100vw, 568px\" \/><\/a>\n\t\t\t<\/div><\/figure>\n\t\t<\/div>\n\n<\/div>\n","protected":false},"excerpt":{"rendered":"<p>v\u0161echny slu\u017eby v o\u010dn\u00ed optice dioptrick\u00e9 br\u00fdle do d\u00e1lky, na \u010dten\u00ed, multifok\u00e1ln\u00ed, bifok\u00e1ln\u00ed, samozabarvovac\u00ed, plaveck\u00e9 i na pot\u00e1p\u011bn\u00ed slune\u010dn\u00ed br\u00fdle s mo\u017enost\u00ed zhotoven\u00ed jako dioptrick\u00e9 Lupy a r\u016fzn\u00e9 dopl\u0148ky opravy br\u00fdl\u00ed drobn\u00e9 opravy a \u010di\u0161t\u011bn\u00ed<a class=\"read-more\" href=\"https:\/\/www.optika-rkm.cz\/?page_id=19\">Continue reading<\/a><\/p>\n","protected":false},"author":2,"featured_media":0,"parent":0,"menu_order":0,"comment_status":"closed","ping_status":"closed","template":"","meta":{"footnotes":""},"class_list":["post-19","page","type-page","status-publish","hentry"],"_links":{"self":[{"href":"https:\/\/www.optika-rkm.cz\/index.php?rest_route=\/wp\/v2\/pages\/19","targetHints":{"allow":["GET"]}}],"collection":[{"href":"https:\/\/www.optika-rkm.cz\/index.php?rest_route=\/wp\/v2\/pages"}],"about":[{"href":"https:\/\/www.optika-rkm.cz\/index.php?rest_route=\/wp\/v2\/types\/page"}],"author":[{"embeddable":true,"href":"https:\/\/www.optika-rkm.cz\/index.php?rest_route=\/wp\/v2\/users\/2"}],"replies":[{"embeddable":true,"href":"https:\/\/www.optika-rkm.cz\/index.php?rest_route=%2Fwp%2Fv2%2Fcomments&post=19"}],"version-history":[{"count":71,"href":"https:\/\/www.optika-rkm.cz\/index.php?rest_route=\/wp\/v2\/pages\/19\/revisions"}],"predecessor-version":[{"id":1170,"href":"https:\/\/www.optika-rkm.cz\/index.php?rest_route=\/wp\/v2\/pages\/19\/revisions\/1170"}],"wp:attachment":[{"href":"https:\/\/www.optika-rkm.cz\/index.php?rest_route=%2Fwp%2Fv2%2Fmedia&parent=19"}],"curies":[{"name":"wp","href":"https:\/\/api.w.org\/{rel}","templated":true}]}}

Nabízíme

<div class="entry-content">
<hr />
<div id='gallery-1' class='gallery galleryid-19 gallery-columns-1 gallery-size-large'><figure class='gallery-item'>
			<div class='gallery-icon landscape'>
				<a href='https://www.optika-rkm.cz/wp-content/uploads/2016/04/obr201.jpg'><img loading="lazy" decoding="async" width="1024" height="343" src="https://www.optika-rkm.cz/wp-content/uploads/2016/04/obr201-1024x343.jpg" class="attachment-large size-large" alt="" srcset="https://www.optika-rkm.cz/wp-content/uploads/2016/04/obr201-1024x343.jpg 1024w, https://www.optika-rkm.cz/wp-content/uploads/2016/04/obr201-300x101.jpg 300w, https://www.optika-rkm.cz/wp-content/uploads/2016/04/obr201-768x257.jpg 768w, https://www.optika-rkm.cz/wp-content/uploads/2016/04/obr201-520x174.jpg 520w, https://www.optika-rkm.cz/wp-content/uploads/2016/04/obr201-740x248.jpg 740w" sizes="auto, (max-width: 1024px) 100vw, 1024px" /></a>
			</div></figure>
		</div>

<ul>
<li>všechny služby v oční optice</li>
<li>dioptrické brýle do dálky, na čtení, multifokální, bifokální, samozabarvovací, plavecké i na potápění</li>
<li>sluneční brýle s možností zhotovení jako dioptrické</li>
<li>Lupy a různé doplňky</li>
<li>opravy brýlí</li>
<li>drobné opravy a čištění ultrazvukem <strong>ZDARMA</strong></li>
<li>vyšetření zraku u očního lékaře, MUDr. Stanislav Jirka, který se nachází ve stejné budově</li>
</ul>
<hr />
<h2 style="text-align: center;"></h2>
<div id='gallery-2' class='gallery galleryid-19 gallery-columns-1 gallery-size-large'><figure class='gallery-item'>
			<div class='gallery-icon portrait'>
				<a href='https://www.optika-rkm.cz/wp-content/uploads/2019/03/loga5.jpg'><img loading="lazy" decoding="async" width="568" height="1024" src="https://www.optika-rkm.cz/wp-content/uploads/2019/03/loga5-568x1024.jpg" class="attachment-large size-large" alt="" srcset="https://www.optika-rkm.cz/wp-content/uploads/2019/03/loga5-568x1024.jpg 568w, https://www.optika-rkm.cz/wp-content/uploads/2019/03/loga5-166x300.jpg 166w, https://www.optika-rkm.cz/wp-content/uploads/2019/03/loga5-768x1385.jpg 768w, https://www.optika-rkm.cz/wp-content/uploads/2019/03/loga5-520x937.jpg 520w, https://www.optika-rkm.cz/wp-content/uploads/2019/03/loga5-740x1334.jpg 740w" sizes="auto, (max-width: 568px) 100vw, 568px" /></a>
			</div></figure>
		</div>

</div>

<p>všechny služby v oční optice dioptrické brýle do dálky, na čtení, multifokální, bifokální, samozabarvovací, plavecké i na potápění sluneční brýle s možností zhotovení jako dioptrické Lupy a různé doplňky opravy brýlí drobné opravy a čištění<a class="read-more" href="https://www.optika-rkm.cz/?page_id=19">Continue reading</a></p>
